+ -44 + 5 + 38
11
-56 + 142 + 4 + -2 + 13 + -13
88
114 - 105 - (-2 + 7 - ((12 - 3) + -4))
9
What is the value of 0 - 137 - (97 + -225 + 89)?
-98
Calculate (3 - 2) + -37 + -8999 + 8994.
-41
What is -26 - (-34 + -31) - 74?
-35
Evaluate 11 + (10 - -2 - (6 + 11)) + 16.
22
What is (22 - -4) + (12 - (-55 + 20))?
73
What is the value of 67 + (32 - (-24 - -25)) + -11?
87
What is (-6 + -31 - 22) + 4?
-55
Calculate -2 + -2 + -1 + 14 + (86 - 21) + 12.
86
What is -35 + (137 - -1 - (-1402 + 1426))?
79
What is -25 - (-1 - (-1 - (-16 + (5 - 4))) - -8)?
-18
What is -76 - (7 + (20 - 15)) - -30?
-58
Calculate (3837 - 3845) + (5 - (6 - (3 + 0 + 0))).
-6
Evaluate (20 - 0) + (-71 - (56 - 11 - 22)).
-74
What is the value of (-12 - 2 - -103) + 4 + -1?
92
What is 11 + -8 + (-23 - 8 - -25)?
-3
What is the value of 10 - (1 + 35 + -1065 + 1105)?
-66
What is the value of -13 - (1 - 6) - (0 - (4 - 20 - -8))?
-16
Evaluate -79 + 62 - (-7 + (-11 - -1 - 4)).
4
-66 + (-9 - (61 - 21)) + 39
-76
What is the value of (-55 + 40 - 49) + (-2 - 16) + 11?
-71
What is -382 + 16 + 347 - (-1 + 2 - -36)?
-56
What is -41 - -1 - (-345 + 403)?
-98
(-2 - -4 - (82 + 3 - 77)) + (0 - -68)
62
(7 - 23) + -8 + ((1 - -5) + -7 - 2)
-27
1249 + -1240 - (-66 + 1)
74
What is the value of 74 - (92 - (-95 - -37))?
-76
What is the value of (118 - 109) + (-6 - -3) + -1 + -14?
-9
Evaluate 32 + 7 + -30 - 30.
-21
Calculate 51 - (7 - 42 - -65) - 109.
-88
What is the value of 10 + (44 - (-16 - -59)) + (126 - -1)?
138
(337 - (62 + 63)) + -70
142
What is the value of (23 - 0) + (16 + 4 - 1) + (-18 - -3)?
27
What is the value of ((28 - 0 - 8) + -5 - -29) + 1?
45
What is (40 + (18 - 36) - 7) + 52 + 11?
78
3 + ((-9 + 8 + 7 - 5) + -5 - -3)
2
(0 - 30 - (55 + (-84 - -17))) + 0
-18
0 - (-1 + 10) - (-329 + 302 + (0 - 1))
19
Evaluate -18 - -1 - ((198 - 185) + -2 + 46).
-74
What is -28 + (17 - 2) + 1 + -25 - -3?
-34
57 - (210 + (74 - 166))
-61
28 + -2 - ((-29 - 26) + 61)
20
-4 + -8 + -54 + 1 + (8 - (-7 + 23))
-73
What is (-275 - (-28 - 140)) + 21?
-86
-56 + 0 + 112 + -70
-14
Calculate 0 + (-20 - (-8 - 55 - -22)).
21
What is -46 + (13 - -7) + -23 - (-12 - 0)?
-37
Calculate (2 - 23) + 1534 + -1546.
-33
What is the value of 14 + (86 + -74 - (6 + -38))?
58
-4 + 9 + -15 + 66 + (-14 - 2) + 5
45
Calculate 21 + -53 + (-61 - -41).
-52
What is the value of 18 - (-1 - -4) - -3 - (-3204 + 3193)?
29
What is 12 + -3 - -6 - (-26 + 24 + 0)?
17
Calculate -129 + 9 - (-2 + 4 - -23) - 0.
-145
19 + -15 + -17 + 22 + -65 + -3 + 1
-58
(17 - 20 - (-2 - 121)) + (-69 - (-23 + -37))
111
Evaluate 44 + -1 + (-5868 - -5827).
2
-42 + 36 + -32 + 47
9
-20 - (-38 - -6 - -21)
-9
What is the value of -1 - (5 + 1) - (-56 - (-80 + 31))?
0
Evaluate 44 + -9 + 21 + (12 - 13) - 5.
50
-3 + -318 + 315 + -6 + 0 + 32
20
Evaluate -20 + 23 + -3 + 40 + 25.
65
4 - 1 - (29 + -221 - -320)
-125
What is -2 - (1 + -8) - (-45977 + 45865)?
117
What is the value of -35 + (8 + -17 - (17 - 42))?
-19
Calculate -67 - (6 + -74) - (1 + 1 + -1 - 7).
7
Calculate 33 + -11 + (-1333 - -1292).
-19
Calculate 13 - (5 + (14 - 20 - 6) - 1).
21
What is the value of (-27 - -1 - 2) + -90 + 47 + (43 - -14)?
-14
Calculate 20 - (-70 - (-57 + -20)).
13
What is the value of -80 + -1 + 4937 + -4904?
-48
What is -8 + 39 + -41 + 34?
24
(7 - (6 - -1) - -58) + (18 - 12 - 3)
61
14 + (-34 - 28 - -53)
5
What is the value of 14 - (13 - 16) - 3 - -1?
15
Calculate 67 - 27 - (39 - -60).
-59
What is 57 - -6 - (-695 + 707)?
51
What is (-112 - -76) + -32 + 61?
-7
Calculate -14 - (-3 + -8 + -3 + (103 - 24)) - -2.
-77
Calculate 18 + 9 + (2 + -7 - 12).
10
What is the value of -1 + -6 + (-82 - (-41 + -17) - 48)?
-79
97 - ((-268 - -245) + 5 + 11 + 0)
104
Calculate 51 + (-101 - 25) + 50.
-25
Calculate -1 - (0 - (-15 + -11)) - -58.
31
What is the value of (2 - (-1 + -3 + 6 - (-10 + 2))) + 26?
18
What is 0 + -5 + (-13 - (7 + 11))?
-36
Calculate 6 + (33 - (3 - -40)) + -30.
-34
Calculate -85 - (-44 - -10) - -52.
1
Evaluate -11 + 114 - (-207 + 411).
-101
Evaluate -39 + 131 + (6 - 59).
39
What is the value of 7 + (-137 - -164 - (1 + 1))?
32
-34 + 3 + (75 - 71)
-27
What is the value of (56 - 15 - 59) + 9?
-9
Evaluate 0 - -2 - (18 + -3) - (-74 + (-122 - -157)).
26
Evaluate 32 + -37 + 117 - (0 + 29).
83
0 + -2 - 9 - (44 - (-10 - -147))
82
19 - 1 - (-21 - ((46 - 27) + -36))
22
What is -326 + 317 - (11 - (0 + -2))?
-22
Evaluate -3198 - -3194 - (-3 + 6 + 49).
-56
Calculate -2 + 11 + (17 - (-10 - -35)) + (-28 - 2).
-29
Calculate 0 + 23 - (119 - 71).
-25
What is the value of (10 - (5 - ((-8 - -5) + 12))) + -4?
10
17 + (15 - 22 - -8) - -97 - -3
118
Evaluate 78 - (16 + -39 + 82).
19
What is the value of (23 + -25 - 1) + 3 + 1 + -17?
-16
-9 - (71 + -9 - (10 + -10 + 5))
-66
What is -14 - 5 - (-19 + -22)?
22
What is the value of -12 + -6 + 712 + -754?
-60
What is ((-91 - -119) + -6 + 1 - -17) + -12?
28
Evaluate (-25 - -30) + (-7 - -2) + -10 + 14 - -3.
7
Calculate 13 - 22 - 1 - (2 + -7 + (6 - 23)).
12
Calculate (-38 - -22) + -3 + -1 + (34 - 20) + -4.
-10
What is the value of -6732 + 6815 + (5 + (2 - -1) - -3)?
94
What is the value of 12 - (-15 - (2 - -3 - 10) - -10)?
12
Calculate -1 + 31 - (-3 + -6 + -10).
49
What is 27 + -48 - 6 - (-47 - 17)?
37
What is (11 + 22 - (94 - 59)) + 41 + 1 + -2?
38
Evaluate (-1157 - -1133) + (6 - 3) + -7.
-28
38 + -41 + 64 + 9 + -2 + -1
67
Evaluate -4 + -5 + 18 + -55.
-46
What is the value of -34 + 1 + (10 + 0 - (0 + 15))?
-38
What is the value of 13 - ((14 + -1 - -1 - 3) + -10)?
12
What is -12 + 10 + -1 + (-22 - -25 - (-2 - 0))?
2
Evaluate 27 + 37 + 20 - 38.
46
Calculate -27 + (19 - 38) + (0 - -21).
-25
-18 + 0 + -40 + 36 + 155 + 4
137
-44 - -97 - (-83 + 2)
134
Calculate 19 + 93 + -51 + -83.
-22
What is the value of (13 - (61 - 7 - 8)) + 16?
-17
Evaluate -6 + 39 + (-8 - -5 - (-2 - -3)).
29
Evaluate 0 - (-57 + 25 + -7).
39
What is the value of 5 + 2 + -47 + 41 - (1 - 22)?
22
What is the value of -57 + (-17 + 14 - (-3 + -1)) - (342 + -346)?
-52
Evaluate -55 + -1 + 35 + (-13 + -25 - 14).
-73
Calculate -111 + 115 + (-3 - (-1 - 8)) + -96.
-86
What is the value of ((-48 - -52) + (47 - 1) - 13) + 8?
45
5 + 10 + 17 + 1 - 20
13
(13 + (49 - 65) - (-13 + 3 + -2)) + 27
36
What is the value of 0 + -83 + (38 - -48 - 61)?
-58
Evaluate 2 + -16 + (275 - 299).
-38
(-5220 - -5269) + 1 + -68
-18
Evaluate (2 - (4 - 97 - -1)) + (-43 - (66 + -98)).
83
What is -5 + (2 - (0 - (7 + -8))) - (-79 - -36)?
39
What is the value of -590 - -642 - (56 + -5)?
1
(-21 - (-21 + 13)) + (3 - (-12 + 3))
-1
Evaluate (-7 - (-4 - 7)) + -3 + -5 - (-50 - -38).
8
What is the value of -3 - -2 - (1 - (-14 - 0) - (-1477 + 1522))?
29
(-5 - (-9 + -1 + -4)) + (28 - -3)
40
Calculate (47 - 90) + 82 + (-1 - 8).
30
What is -53 + 54 + (-17 + 17 - (15 + 0))?
-14
What is 24 - 18 - (-18 + (88 - 0) + (-10 - -3))?
-57
What is the value of -14 - (-19 + 15 + -15) - 38?
-33
What is the value of 97 - (-151 + 70) - 88?
90
What is the value of (-1 - 1) + 22 + -22 - (490 + -556)?
64
Evaluate 8 + (0 + (-12 - 1) - (5726 + -5784)).
53
Evaluate 59 - (42 + 28) - 101.
-112
Calculate 6 + 0 + 18 + 46 + -15.
55
Calculate (10 - 1) + (38 + 54 - (3 - -2 - 5)).
101
What is the value of 36 - (32 - (38 + -39))?
3
What is the value of -6 + 17 - (19 + -89 - 2) - 17?
66
Evaluate 10 - (-4 + 0 + 8 + -2 + (-9 - -6)).
11
Calculate (-27 + -2 - 36) + 46.
-19
What is the value of 35 + -15 + 1 + -23 - 3?
-5
What is the value of 11 + (4 - (9 - (-14 - -14))) + -61 + 8?
-47
25 + 32 + -43 - 8
6
Evaluate -149 - -159 - (79 + (-19 - -11)).
-61
What is the value of -95 + 32 - (-124 - -72)?
-11
Evaluate -74 - (24 + -25 + 0).
-73
What is the value of (-2 - -3) + 42 + -81 + 32 + -1 + -33?
-40
What is (126 - 63 - 34) + 18?
47
What is the value of (5 - -7) + -4 - (-15 - ((-27 - -45) + -38))?
3
Evaluate -11 - (-6 + (11 - (2 + -9 + 11))).
-12
(-202 - -157) + (2 - -1) + -10 + 7
-45
(-198 - -150) + 3 - ((1 - -8) + -2)
-52
Calculate -25 - (-16 - (10 + (-6 - -16) + -26 + -2)).
-17
Calculate -77 + 2397 + -2429 + (-1 - -20 - 3).
-93
Calculate (12 - -53) + -24 + -31 + (-10 - 0).
0
52 + (4 - 49) - 8
-1
What is 32 + (24 - 30) - -4?
30
What is the value of (-11 - (114 + -18)) + (39 - 13)?
-81
What is 52 + -10 - (41 + -21) - (-5 - 10)?
37
Evaluate 12 + (-19 - (-19 - -13 - 7) - 8) - -77.
75
What is the value of (-2 - (-42 + 1)) + 380